at is the hundreds digit of n?
4
Let y(p) = p**3 - 2*p**2 - 4*p + 7. Let v be y(3). Suppose v*g - 130 = -46. What is the units digit of g?
1
Suppose 0 = 219*g - 209*g - 5570. What is the tens digit of g?
5
Suppose 367 = -4*r + 2087. Let b = r + -261. Suppose 2*h + 26 + 3 = z, 2*h = -5*z + b. What is the tens digit of z?
3
Let l be 2*((-21)/2)/(-3). Suppose 5*j + 48 = -l. Let p = 21 + j. What is the tens digit of p?
1
Let p be (1 + 1)/(-2) - (-28 - 351). Let k = 544 - p. What is the units digit of k?
6
Let o(y) = -y - 11. Let m be o(16). What is the units digit of 1/(-3*1/m)?
9
Let h = 191 + -71. Let d = h + -85. Suppose -d - 50 = -5*j. What is the units digit of j?
7
Let f(w) = w**2 - 12*w + 4. Let j be f(12). Suppose -3*y + 3 = g - j, 4*g = 3*y + 58. What is the tens digit of g?
1
Let l(a) = -2*a**3 - 8*a**2 - 2*a - 13. Let s be l(-8). Suppose -612 = -7*v + s. What is the units digit of v?
1
Suppose 435 = j + 3*o, 3*o + 2186 = 4*j + 416. Suppose -j = -5*l + d - 140, -4*d = 3*l - 199. What is the tens digit of l?
6
Let h = -4 + 6. Suppose h*n = -n. Suppose -2*y + y + 29 = n. What is the units digit of y?
9
Let o be -3 - -4 - (2 + -9). Let c = o + -5. Suppose -2*r + 2 = b, 4 = c*b - r - 9. What is the units digit of b?
4
Let j = 801 - -154. What is the hundreds digit of j?
9
Let w(x) be the second derivative of x**3/6 + 5*x**2/2 + 20*x. Suppose s = 8 - 3. What is the units digit of w(s)?
0
Let a(h) = h**2 - 6*h + 5. Suppose -3*z + 0 = -12. Let m be a(z). What is the units digit of ((-27)/12)/(m/24)?
8
Let o = 28 + -26. Suppose -68 = -o*r + 150. What is the hundreds digit of r?
1
Let s(v) = -v**3 + 25*v**2 - 57*v + 1. What is the tens digit of s(21)?
6
Let u be (-10)/4 - 12/8. Let c be (4/(-6))/(u/18). What is the tens digit of -2 + (c - 0) + 24?
2
What is the tens digit of (-6 + 3)/(9/(-1221))?
0
Let f(i) = 2*i**2 - 3*i - 2. Let v = -14 + 20. Let l = v + -1. What is the units digit of f(l)?
3
Let d be (-4 - (4 - -20) - -1) + -1. What is the hundreds digit of 3324/21 + 8/d?
1
Let t(c) = c**3 + 7*c**2 + 6*c + 5. Let v(b) = -b**3 + 6*b**2 - 5. Let p be v(6). Let h be t(p). Suppose -g + h + 6 = 0. What is the tens digit of g?
3
Let c(r) = 14*r**2 - 11*r + 114. What is the units digit of c(7)?
3
Suppose 287 = 3*o + 2*l, -89 = o - 2*o - 4*l. Let y = o + -66. What is the units digit of y?
1
Suppose 5*z + 1160 = 225. Let q = z + 276. What is the tens digit of q?
8
Let l be 2/(-2)*(-5 - -3). Suppose b - 4*b + 2 = j, -2*j + 6 = 5*b. Suppose 0 = -l*c + j, 2*k + c = 10 + 14. What is the tens digit of k?
1
Let j = 1534 + -665. What is the tens digit of j?
6
Suppose -5*j = 5*b - 14700, 0 = 3*b - j - 9751 + 919. What is the thousands digit of b?
2
Suppose 5 = i, -4*i + 1217 = 3*c - 6*i. What is the hundreds digit of c?
4
Suppose 2*n + 90 = l - 0*l, 3*n - 6 = 0. What is the tens digit of l?
9
Let q be (-180)/40*44/3. Let m = 213 + q. What is the units digit of m?
7
Suppose -5*n + 0*v + 3761 = 3*v, n = -5*v + 761. What is the units digit of n?
1
Suppose -9*v + 26*v - 1581 = 0. Suppose n + 5*o - 15 = 0, -4*n + 24 = -o + 3*o. Suppose -v = -n*s + 77. What is the tens digit of s?
3
Suppose 2*z = -5*x + 10, -4*x = -0*x - 5*z - 41. Suppose -x*w - 5*c + 6*c = -299, 4*c - 62 = -w. What is the tens digit of w?
7
Suppose 188*g + 6270 = 198*g. What is the tens digit of g?
2
Let i = -1690 + 3806. What is the tens digit of i?
1
Let n(v) be the third derivative of v**4/6 + 5*v**3/2 + 2*v**2. What is the tens digit of n(10)?
5
Let t(i) = i**2 + i - 9. Let j be t(5). Suppose -j*o = -24*o + 267. What is the units digit of o?
9
What is the thousands digit of (2 - 10908/(-14))/(20/70)?
2
Let u be (7/28)/((-2)/(-40)). Suppose 2*k - c = -2*c + 129, -u*c + 133 = 2*k. What is the units digit of k?
4
Let v be -3 - -664 - (-4 - -8). What is the tens digit of (2 - 4) + (v + -1)/4?
6
Suppose 594 = 2*u - 504. Suppose 63 = -4*z - u. What is the units digit of (3 - 2) + z/(-3)?
2
What is the units digit of (-5 - (-2 + -2))/((-3)/336)?
2
Suppose -l - 1 = -4*i, 3*l + i = -0*i + 23. Suppose -11 = -3*d + l. What is the units digit of d?
6
Let y be (4/12)/(-5*5/(-150)). Let q(a) = -a**2 + 10*a - 11. Let t be q(8). Suppose 4*z = -3*s + 53, 73 = t*z + y*s - 5*s. What is the units digit of z?
4
Suppose -5*d = -15, 4*d - 2995 = -4*b + 3*d. What is the hundreds digit of b?
7
Let v = 21 - 70. Let o = v - -59. What is the units digit of o?
0
Let g = 10 - 7. Suppose -m - 2*k + 14 = 0, 2*m + g*k - 3 = 5*m. Suppose -2*b + 0*f + 2*f = -6, 2*b - m*f = 2. What is the units digit of b?
5
Suppose -j + r = 1 - 3, -2*j = -4*r - 10. Let v be j*201/(-3) + -1. What is the tens digit of (2/4)/(3/v)?
1
Suppose -4*a = 5*g - 7355, 0*g + a + 7330 = 5*g. What is the hundreds digit of g?
4
What is the units digit of 1022 + ((-2)/(-12))/(3/(-18))?
1
Let z(g) = 2*g - 11. Let c be z(8). Suppose 0 = l - c - 3. Suppose -l*o = -10*o + 46. What is the tens digit of o?
2
Suppose 0 = 11*t + 13101 - 49082. What is the tens digit of t?
7
Let z(r) = r**2 + 11*r + 10. Let g be z(-10). Suppose -2*k + 3*o = 2*k + 17, g = 3*k + 3*o + 18. What is the units digit of (-91)/(-35) + (-2)/k?
3
Let v(h) = -39*h**3 + h + 1. Let m = -5 + 4. Let k be v(m). What is the units digit of k/12 - 2/8?
3
Let j = 1161 - 673. What is the hundreds digit of j?
4
Let a be ((-54)/21)/((-3)/14). Suppose 2*f - 4*s + a = 0, f - s - 3 = -2*s. Suppose f = -h - h + 56. What is the units digit of h?
8
Suppose 8*i + 15 - 39 = 0. Suppose 75 = 4*q - i*q. What is the tens digit of q?
7
Suppose -41 = 5*x - 16, 4*x - 82 = -2*p. Suppose -3*w + 8 = w. Suppose -w*n + p = n. What is the units digit of n?
7
Let n be 4686/(-54) + 5 - (-4)/(-18). Let u = 147 + n. What is the units digit of u?
5
What is the units digit of 154/20*46 + (-1)/5?
4
Suppose 14 = -x - 4*k, x - 10 = 4*k - 0*k. Let m be x/10 + (-418)/10. What is the units digit of m/(-3) - (-4 + 2)?
6
Let o(n) = -7*n**3 - 113*n**2 - 26*n - 17. What is the units digit of o(-17)?
9
Suppose -5*n + 2*n + 105 = -3*r, 5*n - 175 = -4*r. Suppose n*b = 30*b + 1095. What is the hundreds digit of b?
2
Let z = 3754 + -1429. What is the hundreds digit of z?
3
Suppose -3*g = 5*p - 2, 10 - 44 = 3*g - 4*p. Let u = g + 9. What is the units digit of ((-2)/u)/((-4)/366)?
1
Let f(i) = -i**3 - 2*i**2 + 6*i + 5. What is the units digit of f(-6)?
3
Suppose 2522 = 22*a + 4*a. What is the units digit of a?
7
Suppose 5*z - 1194 = -4*b, 4*b + 338 = -3*z + 1536. Suppose 8*f = b + 315. What is the units digit of f?
7
Let t = 766 + -746. What is the units digit of t?
0
Let f = 54 - 55. Let o(t) = -33*t - 1. What is the tens digit of o(f)?
3
Let v be (12*(-3)/(-21))/(2/7). What is the units digit of (-3)/v*-21*(-4)/(-6)?
7
Suppose 5*u = -2*h + 2085, -5*u + 5*h - 495 = -2545. What is the hundreds digit of u?
4
Let y be (-16)/(-3)*(-45)/(-20). Suppose -2*p - p = -y. Suppose 2*i + 0*i - p = 0. What is the units digit of i?
2
Let r = 26 - 26. Suppose 10*x - 2*x - 1272 = r. What is the hundreds digit of x?
1
Let k be (-4885)/15 + 4/(-12). Let y = 466 + k. What is the hundreds digit of y?
1
What is the units digit of 2/(-18)*1254096/(-48)?
3
Suppose 0 = -4*x - 3*o - 318, -4*x + 2*o - 290 - 38 = 0. Let r = x + 125. What is the units digit of r?
4
Suppose -5*p = -3*p + 4. Let i = -42 - -44. What is the tens digit of i + 0/p + 21?
2
Let s(q) = 107*q**2 - 2*q. Suppose -1 - 3 = -4*z. What is the hundreds digit of s(z)?
1
Let l(m) = -m**2 + 4*m - 2. Let w be l(2). Suppose d + 2*d - 11 = w*s, -1 = -d - 2*s. What is the tens digit of (23/3)/(d/9)?
2
Let w(y) = 15*y**2 - 102*y + 13. What is the hundreds digit of w(10)?
4
Let o be -2 + (3 - 6) + 5. Suppose o = -0*x - 4*x. Suppose -4*v - 36 + 96 = x. What is the units digit of v?
5
Suppose 0 = -7*n + n + 6882. What is the tens digit of n?
4
What is the tens digit of (-4)/((-128)/(-24)) - (-26446)/8?
0
Let o be ((-6)/4)/(5/(-10)). Suppose 3*d + 88 = -n - 22, 0 = -o*n + 3*d - 378. What is the units digit of 8/(-24) + n/(-6)?
0
Suppose -4*q + 1072 = 4*q. What is the units digit of (-17)/(-6) + -3 + q/12?
1
Let q(p) = 2*p**2 - 12*p + 5. Let t be q(5). What is the tens digit of ((-188)/(-10))/((-1)/t)?
9
Let m(o) = -3*o**2 + 209*o - 11. What is the thousands digit of m(16)?
2
Let g(m) be the first derivative of m**4/4 - 